ime?
True
Is 813254887 a composite number?
True
Is 15438587 composite?
False
Is 2493583 a composite number?
True
Is 888390903 prime?
False
Is 3547003 composite?
True
Is 646385 prime?
False
Is 14606131 prime?
True
Is 1248469427 prime?
True
Is 27281869 a composite number?
True
Is 364613 a prime number?
False
Is 160131023 a composite number?
True
Is 5447881 a prime number?
False
Is 185359 a composite number?
False
Is 689999 a composite number?
True
Is 8402 a composite number?
True
Is 4562843 prime?
True
Is 9330758 composite?
True
Is 920309 a composite number?
True
Is 10792343 a prime number?
True
Is 6353663 prime?
False
Is 231947 prime?
True
Is 67057 composite?
False
Is 10763107 a composite number?
True
Is 379903 a prime number?
True
Is 12056677 prime?
True
Is 537247 prime?
False
Is 697162109 composite?
True
Is 4254739 composite?
False
Is 14127851 composite?
True
Is 52244903 a composite number?
False
Is 47766461 composite?
False
Is 3151817 a composite number?
True
Is 21330031 a composite number?
True
Is 983849 prime?
True
Is 20373049 prime?
True
Is 4638547 composite?
False
Is 93133409 a prime number?
True
Is 573994571 prime?
True
Is 2727517 a composite number?
True
Is 1273441357 a composite number?
False
Is 51216667 a composite number?
True
Is 2058801 a prime number?
False
Is 16998593 prime?
False
Is 288383 a prime number?
True
Is 7895171 composite?
True
Is 32533001 a prime number?
True
Is 8299891 composite?
False
Is 42535463 composite?
True
Is 72258871 prime?
True
Is 224487787 composite?
False
Is 5289901 prime?
True
Is 41102279 composite?
False
Is 17662577 prime?
False
Is 11233049 a composite number?
False
Is 1207439 a composite number?
False
Is 2526077 a prime number?
True
Is 56034023 prime?
False
Is 8453171 composite?
True
Is 19478941 prime?
False
Is 34969073 a composite number?
True
Is 16564369 composite?
True
Is 32865241 composite?
False
Is 3723847 prime?
True
Is 4606313 composite?
False
Is 4320013 a composite number?
True
Is 4862279 a prime number?
True
Is 931738637 a prime number?
False
Is 59254087 a composite number?
False
Is 8271019 a composite number?
False
Is 285192719 a prime number?
False
Is 109215947 composite?
True
Is 180024353 prime?
True
Is 4788221 a composite number?
False
Is 5248877 a composite number?
False
Is 17227101 a composite number?
True
Is 492523 composite?
False
Is 36521673 composite?
True
Is 2285993 a composite number?
True
Is 14225843 a composite number?
False
Is 3204269 a prime number?
False
Is 11925301 a prime number?
False
Is 32791417 composite?
False
Is 477667 composite?
True
Is 15818951 composite?
True
Is 419963 prime?
False
Is 12541813 prime?
False
Is 385319899 a prime number?
True
Is 16747763 a composite number?
True
Is 2840857 a prime number?
True
Is 4002119 a composite number?
True
Is 1600787 a composite number?
False
Is 4636073 a prime number?
False
Is 1987537 a prime number?
True
Is 9571829 a composite number?
True
Is 735695137 composite?
True
Is 1657594 prime?
False
Is 1841974963 a composite number?
False
Is 22739 prime?
True
Is 233396441 a prime number?
True
Is 11790439 composite?
False
Is 18158191 a prime number?
True
Is 5639087 prime?
False
Is 116517953 composite?
False
Is 5201369 a composite number?
True
Is 1188309 composite?
True
Is 11295899 a composite number?
True
Is 30164741 prime?
False
Is 1230329 a prime number?
True
Is 5905337 prime?
False
Is 697802585 composite?
True
Is 84821159 composite?
False
Is 1439927 prime?
True
Is 3477737 composite?
False
Is 22770763 composite?
True
Is 341993627 prime?
False
Is 256713 a prime number?
False
Is 8129053 prime?
False
Is 37418119 composite?
False
Is 17305279 composite?
False
Is 43190339 a prime number?
True
Is 1883939 prime?
True
Is 10947137 prime?
True
Is 5364629 prime?
True
Is 7162277 a prime number?
False
Is 246191 a composite number?
True
Is 343193 a prime number?
True
Is 269113069 a composite number?
True
Is 582389 prime?
False
Is 896771 a composite number?
False
Is 6866257 a composite number?
False
Is 1400449 composite?
False
Is 23150741 a prime number?
True
Is 18800731 a composite number?
True
Is 732509 a composite number?
False
Is 2046097 prime?
False
Is 129591541 a composite number?
False
Is 34162109 composite?
False
Is 1721857 composite?
False
Is 2568341 a prime number?
False
Is 11011879 composite?
True
Is 6003659 a prime number?
True
Is 158930867 a prime number?
True
Is 189134713 a composite number?
True
Is 26949634 composite?
True
Is 1767751 composite?
False
Is 388327087 prime?
False
Is 3335377 a composite number?
True
Is 27770069 composite?
False
Is 1329490127 prime?
False
Is 12290311 a composite number?
True
Is 252095759 a prime number?
True
Is 267296033 a prime number?
False
Is 8466649 a prime number?
False
Is 32266667 a composite number?
False
Is 225304595 composite?
True
Is 56284073 a prime number?
True
Is 67961497 a composite number?
False
Is 66135217 a prime number?
True
Is 39029533 a prime number?
True
Is 264016679 composite?
False
Is 2405461 composite?
False
Is 1529501 a prime number?
True
Is 12123817 a composite number?
False
Is 266010931 composite?
False
Is 487733 a prime number?
True
Is 88998181 a prime number?
True
Is 6840481 a prime number?
False
Is 5654713 a composite number?
False
Is 15983467 a prime number?
True
Is 1672889 composite?
False
Is 7346687 a composite number?
False
Is 9978037 a prime number?
True
Is 3897667 a composite number?
True
Is 141767761 prime?
True
Is 8231081 prime?
False
Is 42692987 a prime number?
False
Is 2198611 a prime number?
False
Is 78029351 composite?
False
Is 24617753 prime?
False
Is 5042749 a composite number?
False
Is 14427019 a prime number?
True
Is 159579067 composite?
False
Is 1288234 a composite number?
True
Is 296759 a prime number?
False
Is 67179127 a composite number?
False
Is 11780891 a composite number?
True
Is 35776141 a prime number?
True
Is 1321501 prime?
False
Is 719941 prime?
True
Is 60101705 a composite number?
True
Is 387511801 a prime number?
False
Is 61750363 composite?
False
Is 1415981759 a composite number?
False
Is 158886953 a prime number?
True
Is 80597423 composite?
False
Is 48456047 a prime number?
False
Is 13537283 composite?
True
Is 23433598 prime?
False
Is 7266407 a prime number?
True
Is 23803001 composite?
True
Is 7979351 a prime number?
True
Is 3054529 a prime number?
False
Is 114225529 prime?
False
Is 6228349 a prime number?
False
Is 73713461 composite?
False
Is 35627243 composite?
True
Is 268665919 a composite number?
False
Is 701647 prime?
False
Is 2297983 a composite number?
False
Is 36056311 a composite number?
True
Is 41514557 a prime number?
False
Is 1616213 prime?
False
Is 2820211 composite?
False
Is 93823 prime?
False
Is 23957 a prime number?
True
Is 341839 composite?
False
Is 2009759 a prime number?
True
Is 785815 a composite number?
True
Is 13318547 composite?
True
Is 474193 composite?
True
Is 294961 composite?
True
Is 878267807 composite?
True
Is 124034299 prime?
False
Is 46404601 a prime number?
True
Is 2520017 a prime number?
True
Is 220787951 prime?
True
Is 28248569 a composite number?
False
Is 55531807 composite?
False
Is 39474719 a composite number?
True
Is 2441793 a composite number?
True
Is 7747841 prime?
True
Is 71514047 composite?
True
Is 2801993 composite?
True
Is 1297305587 composite?
False
Is 456441 composite?
True
Is 150533 a prime number?
True
Is 66293 composite?
False
Is 401352166 prime?
False
Is 16103953 a prime number?
True
Is 1797454 prime?
False
Is 7812421 composite?
False
Is 9624029 a prime number?
False
Is 20440201 prime?
True
Is 815497 a composite number?
True
Is 11723051 a composite number?
True
Is 48972017 a composite number?
False
Is 6304261 composite?
True
Is 3082291 a prime number?
True
Is 7059587 prime?
True
Is 490667 prime?
False
Is 128364667 a composite number?
False
Is 11698879 prime?
False
Is 668309 a prime number?
False
Is 1020106849 prime?
True
Is 32526173 prime?
True
Is 843337 prime?
False
Is 17051669 composite?
False
Is 52223943 a prime number?
False
Is 285958 composite?
True
Is 131866733 composite?
False
Is 3018161 a composite number?
False
Is 3454241 a composite number?
True
Is 40741139 a composite number?
False
Is 3864631 a composite number?
True
Is 173631371 a prime number?
False
Is 249329599 composite?
True
Is 203